{"id":4672,"date":"2026-04-14T21:13:58","date_gmt":"2026-04-14T18:13:58","guid":{"rendered":"https:\/\/daugavpils.partneribas.lv\/?page_id=4672"},"modified":"2026-04-14T21:15:32","modified_gmt":"2026-04-14T18:15:32","slug":"9-karta","status":"publish","type":"page","link":"https:\/\/daugavpils.partneribas.lv\/?page_id=4672","title":{"rendered":"9.k\u0101rta"},"content":{"rendered":"\n<p>Biedr\u012bba \u201cPartner\u012bba \u201cKaimi\u0146i\u201d\u201d izsludina atkl\u0101tu projektu iesniegumu pie\u0146em\u0161anas&nbsp;<strong>9.k\u0101rtu<\/strong>&nbsp;Eiropas Savien\u012bbas Eiropas Lauksaimniec\u012bbas fonda lauku att\u012bst\u012bbai Kop\u0113j\u0101s lauksaimniec\u012bbas politikas strat\u0113\u0123isk\u0101 pl\u0101na 2023. \u2013 2027.gadam intervences LA19 \u201cDarb\u012bbu \u012bsteno\u0161ana saska\u0146\u0101 ar sabiedr\u012bbas virz\u012btas viet\u0113j\u0101s att\u012bst\u012bbas strat\u0113\u0123iju, tostarp sadarb\u012bbas aktivit\u0101tes un to sagatavo\u0161ana\u201d aktivit\u0101t\u0113 \u201cKopienu sp\u0113cino\u0161as un vietas att\u012bst\u012bbu sekm\u0113jo\u0161as iniciat\u012bvas\u201d.<\/p>\n\n\n\n<p><strong>Projektu iesniegumu pie\u0146em\u0161anas termi\u0146\u0161<\/strong>: 2026.gada 13.maijs \u2013 11.j\u016bnijs<\/p>\n\n\n\n<p><strong>K\u0101rtas kop\u0113jais finans\u0113jums:<\/strong>&nbsp;82 442.71 EUR<\/p>\n\n\n\n<p><strong>Projektu \u012bsteno\u0161anas termi\u0146\u0161:<\/strong><\/p>\n\n\n\n<ul class=\"wp-block-list\">\n<li>ja tiek veikta b\u016bvniec\u012bba \u2013&nbsp;<strong>divi gadi<\/strong>&nbsp;no Lauku atbalsta dienesta (turpm\u0101k- LAD) l\u0113muma pie\u0146em\u0161anas par projekta iesnieguma apstiprin\u0101\u0161anu;&nbsp;<\/li>\n\n\n\n<li>p\u0101r\u0113jiem projektiem \u2013&nbsp;<strong>viens gads<\/strong>&nbsp;no LAD l\u0113muma pie\u0146em\u0161anas par projekta iesnieguma apstiprin\u0101\u0161anu.<\/li>\n<\/ul>\n\n\n\n<p>Izsludin\u0101t\u0101 r\u012bc\u012bba:<\/p>\n\n\n\n<p><strong>M 3 ATBALSTS VIETAS (TERITORIJAS) ATT\u012aST\u012aBAS INICIAT\u012aV\u0100M<\/strong><\/p>\n\n\n\n<figure class=\"wp-block-table\"><table class=\"has-fixed-layout\"><tbody><tr><td>R\u012bc\u012bba<\/td><td>Kopienas publisk\u0101s teritorijas sak\u0101rto\u0161ana, publisk\u0101s telpas att\u012bst\u012bba<\/td><\/tr><tr><td>Atbalsta apm\u0113rs<\/td><td>82 442.71 EUR<\/td><\/tr><tr><td>Atbilsto\u0161\u0101 MK Noteikumu Nr.580 23. punkt\u0101 min\u0113t\u0101 darb\u012bba<\/td><td>Atbalstu aktivit\u0101t\u0113 \u201cKopienu sp\u0113cino\u0161as un vietas att\u012bst\u012bbu sekm\u0113jo\u0161as iniciat\u012bvas\u201d atbilsto\u0161i viet\u0113j\u0101s att\u012bst\u012bbas strat\u0113\u0123ijai pie\u0161\u0137ir viet\u0113j\u0101s teritorijas (tostarp dabas un kult\u016bras objektu) sak\u0101rto\u0161anai, lai uzlabotu pakalpojumu pieejam\u012bbu, kvalit\u0101ti un sasniedzam\u012bbu, un sabiedrisko aktivit\u0101\u0161u (tostarp viedo ciemu, apm\u0101c\u012bbas un intere\u0161u klubu, kult\u016bras, vides aizsardz\u012bbas, sporta un citu br\u012bv\u0101 laika pavad\u012b\u0161anas veidu) da\u017e\u0101do\u0161anai. &nbsp;&nbsp;&nbsp;&nbsp;&nbsp;&nbsp;&nbsp;&nbsp;&nbsp;&nbsp;&nbsp;&nbsp;&nbsp;&nbsp;&nbsp;&nbsp;&nbsp;&nbsp;<\/td><\/tr><tr><td>&nbsp; R\u012bc\u012bbas apraksts<\/td><td>R\u012bc\u012bbas ietvaros paredz\u0113ts atbalst\u012bt viet\u0113j\u0101s publisk\u0101s teritorijas sak\u0101rto\u0161anu, lai uzlabotu vides kvalit\u0101ti, pakalpojumu pieejam\u012bbu, kvalit\u0101ti un sasniedzam\u012bbu.<\/td><\/tr><tr><td>Atbalsta pretendenti<\/td><td>Juridiska persona (tostarp viet\u0113j\u0101 pa\u0161vald\u012bba, biedr\u012bba un nodibin\u0101jums, reli\u0123iska organiz\u0101cija) vai fiziska persona saska\u0146\u0101 ar atbalsta pie\u0161\u0137ir\u0161anu reglament\u0113jo\u0161ajiem normat\u012bvajiem aktiem (<a href=\"https:\/\/likumi.lv\/ta\/id\/346333-valsts-un-eiropas-savienibas-atbalsta-pieskirsanas-kartiba-eiropas-lauksaimniecibas-fonda-lauku-attistibai-intervence-darbibu\">MKN Nr.580<\/a>&nbsp;25.punkts)<\/td><\/tr><tr><td>Maksim\u0101l\u0101 attiecin\u0101mo izmaksu summa vienam projektam<\/td><td>50 000,00 EUR Pa\u0161vald\u012bbas infrastrukt\u016bras projektiem l\u012bdz 100&nbsp;000 EUR &nbsp; &nbsp;<\/td><\/tr><tr><td rowspan=\"2\"><strong>Atbalsta intensit\u0101te<\/strong>&nbsp;&nbsp; &nbsp;<\/td><td>Pamata likme 70 %<\/td><\/tr><tr><td>Papildus atbalsta intensit\u0101te 90% tiek pie\u0161\u0137irta projektiem, kas atbilst&nbsp; nosac\u012bjumam: Projekta iecere ir sabiedriski apspriesta, viet\u0113jiem iedz\u012bvot\u0101jiem aktu\u0101la un apstiprin\u0101ta iedz\u012bvot\u0101ju apspried\u0113<\/td><\/tr><\/tbody><\/table><\/figure>\n\n\n\n<div class=\"wp-block-file\"><a id=\"wp-block-file--media-96108fcb-7984-4c67-abcf-04051a48ea69\" href=\"https:\/\/daugavpils.partneribas.lv\/wp-content\/uploads\/2026\/04\/M3R1_pasvertejums.docx\">M3R1_pasvertejums<\/a><a href=\"https:\/\/daugavpils.partneribas.lv\/wp-content\/uploads\/2026\/04\/M3R1_pasvertejums.docx\" class=\"wp-block-file__button wp-element-button\" download aria-describedby=\"wp-block-file--media-96108fcb-7984-4c67-abcf-04051a48ea69\">Lejupiel\u0101d\u0113t<\/a><\/div>\n","protected":false},"excerpt":{"rendered":"<p>Biedr\u012bba \u201cPartner\u012bba \u201cKaimi\u0146i\u201d\u201d izsludina atkl\u0101tu projektu iesniegumu pie\u0146em\u0161anas&nbsp;9.k\u0101rtu&nbsp;Eiropas Savien\u012bbas Eiropas Lauksaimniec\u012bbas fonda lauku att\u012bst\u012bbai Kop\u0113j\u0101s lauksaimniec\u012bbas politikas strat\u0113\u0123isk\u0101 pl\u0101na 2023. \u2013 2027.gadam intervences LA19 \u201cDarb\u012bbu \u012bsteno\u0161ana saska\u0146\u0101 ar sabiedr\u012bbas virz\u012btas viet\u0113j\u0101s att\u012bst\u012bbas strat\u0113\u0123iju, tostarp sadarb\u012bbas aktivit\u0101tes un to sagatavo\u0161ana\u201d aktivit\u0101t\u0113 \u201cKopienu sp\u0113cino\u0161as un vietas att\u012bst\u012bbu sekm\u0113jo\u0161as iniciat\u012bvas\u201d. Projektu iesniegumu pie\u0146em\u0161anas termi\u0146\u0161: 2026.gada 13.maijs \u2013 11.j\u016bnijs [&hellip;]<\/p>\n","protected":false},"author":3,"featured_media":0,"parent":0,"menu_order":0,"comment_status":"closed","ping_status":"closed","template":"","meta":{"footnotes":""},"class_list":["post-4672","page","type-page","status-publish","hentry"],"_links":{"self":[{"href":"https:\/\/daugavpils.partneribas.lv\/index.php?rest_route=\/wp\/v2\/pages\/4672","targetHints":{"allow":["GET"]}}],"collection":[{"href":"https:\/\/daugavpils.partneribas.lv\/index.php?rest_route=\/wp\/v2\/pages"}],"about":[{"href":"https:\/\/daugavpils.partneribas.lv\/index.php?rest_route=\/wp\/v2\/types\/page"}],"author":[{"embeddable":true,"href":"https:\/\/daugavpils.partneribas.lv\/index.php?rest_route=\/wp\/v2\/users\/3"}],"replies":[{"embeddable":true,"href":"https:\/\/daugavpils.partneribas.lv\/index.php?rest_route=%2Fwp%2Fv2%2Fcomments&post=4672"}],"version-history":[{"count":4,"href":"https:\/\/daugavpils.partneribas.lv\/index.php?rest_route=\/wp\/v2\/pages\/4672\/revisions"}],"predecessor-version":[{"id":4678,"href":"https:\/\/daugavpils.partneribas.lv\/index.php?rest_route=\/wp\/v2\/pages\/4672\/revisions\/4678"}],"wp:attachment":[{"href":"https:\/\/daugavpils.partneribas.lv\/index.php?rest_route=%2Fwp%2Fv2%2Fmedia&parent=4672"}],"curies":[{"name":"wp","href":"https:\/\/api.w.org\/{rel}","templated":true}]}}