{"id":25,"date":"2017-07-26T16:23:40","date_gmt":"2017-07-26T16:23:40","guid":{"rendered":"http:\/\/daugavpils.partneribas.lv\/?page_id=25"},"modified":"2024-11-13T10:46:10","modified_gmt":"2024-11-13T07:46:10","slug":"kontaktinformacija","status":"publish","type":"page","link":"https:\/\/daugavpils.partneribas.lv\/?page_id=25","title":{"rendered":"Kontaktinform\u0101cija"},"content":{"rendered":"<h2 class=\"small\"><strong>PARTNER\u012aBA \u201eKAIMI\u0145I\u201d<\/strong><\/h2>\n<p class=\"small\">Tirgus laukums 20, Subate, Aug\u0161daugavas novads LV5471, Latvija<\/p>\n<p class=\"small\" dir=\"ltr\">tel. +371 29184640<\/p>\n<p dir=\"ltr\">e-pasts: <a href=\"mailto:partneriba.kaimini@gmail.com\">partneriba.kaimini@gmail.com<\/a><\/p>\n<p><span class=\"small\"><strong>Koordinatore: Inga Krekele<\/strong><\/span><\/p>\n<p class=\"small\">Juridisk\u0101 adrese: R\u012bgas iela 2, Daugavpils, LV5401<\/p>\n<p class=\"small\" dir=\"ltr\">tel. +371 29184640<\/p>\n<p class=\"small\" dir=\"ltr\">e-pasts: <a href=\"mailto:inga.krekele@gmail.com\">inga.krekele@gmail.com<\/a><\/p>\n<p dir=\"ltr\"><strong>Rekviz\u012bti<\/strong><\/p>\n<p dir=\"ltr\">Partner\u012bba &#8220;Kaimi\u0146i&#8221;&#8221;<\/p>\n<p dir=\"ltr\"><strong>Re\u0123. nr.\u00a0<\/strong>40008074239<\/p>\n<p><b>Banka<\/b>\u00a0SEB banka<\/p>\n<p><b>Bankas kods<\/b>\u00a0UNLALV2X<\/p>\n<p><b>Konts<\/b>\u00a0LV31UNLA0050003088773<\/p>\n<p><strong>Konts ziedojumiem:<\/strong>\u00a0<span class=\"c1\">Nr.LV70UNLA0050004199206<\/span><\/p>\n\n\n<ul class=\"wp-block-social-links is-style-logos-only is-layout-flex wp-block-social-links-is-layout-flex\"><li class=\"wp-social-link wp-social-link-facebook  wp-block-social-link\"><a href=\"https:\/\/www.facebook.com\/Daugavpils.Partneribas%20\" class=\"wp-block-social-link-anchor\"><svg width=\"24\" height=\"24\" viewBox=\"0 0 24 24\" version=\"1.1\" xmlns=\"http:\/\/www.w3.org\/2000\/svg\" aria-hidden=\"true\" focusable=\"false\"><path d=\"M12 2C6.5 2 2 6.5 2 12c0 5 3.7 9.1 8.4 9.9v-7H7.9V12h2.5V9.8c0-2.5 1.5-3.9 3.8-3.9 1.1 0 2.2.2 2.2.2v2.5h-1.3c-1.2 0-1.6.8-1.6 1.6V12h2.8l-.4 2.9h-2.3v7C18.3 21.1 22 17 22 12c0-5.5-4.5-10-10-10z\"><\/path><\/svg><span class=\"wp-block-social-link-label screen-reader-text\">Facebook<\/span><\/a><\/li><\/ul>\n\n\n\n<ul class=\"wp-block-social-links is-layout-flex wp-block-social-links-is-layout-flex\"><li class=\"wp-social-link wp-social-link-youtube  wp-block-social-link\"><a href=\"https:\/\/www.youtube.com\/@partneribaKaimini%20\" class=\"wp-block-social-link-anchor\"><svg width=\"24\" height=\"24\" viewBox=\"0 0 24 24\" version=\"1.1\" xmlns=\"http:\/\/www.w3.org\/2000\/svg\" aria-hidden=\"true\" focusable=\"false\"><path d=\"M21.8,8.001c0,0-0.195-1.378-0.795-1.985c-0.76-0.797-1.613-0.801-2.004-0.847c-2.799-0.202-6.997-0.202-6.997-0.202 h-0.009c0,0-4.198,0-6.997,0.202C4.608,5.216,3.756,5.22,2.995,6.016C2.395,6.623,2.2,8.001,2.2,8.001S2,9.62,2,11.238v1.517 c0,1.618,0.2,3.237,0.2,3.237s0.195,1.378,0.795,1.985c0.761,0.797,1.76,0.771,2.205,0.855c1.6,0.153,6.8,0.201,6.8,0.201 s4.203-0.006,7.001-0.209c0.391-0.047,1.243-0.051,2.004-0.847c0.6-0.607,0.795-1.985,0.795-1.985s0.2-1.618,0.2-3.237v-1.517 C22,9.62,21.8,8.001,21.8,8.001z M9.935,14.594l-0.001-5.62l5.404,2.82L9.935,14.594z\"><\/path><\/svg><span class=\"wp-block-social-link-label screen-reader-text\">YouTube<\/span><\/a><\/li><\/ul>\n","protected":false},"excerpt":{"rendered":"<p>PARTNER\u012aBA \u201eKAIMI\u0145I\u201d Tirgus laukums 20, Subate, Aug\u0161daugavas novads LV5471, Latvija tel. +371 29184640 e-pasts: partneriba.kaimini@gmail.com Koordinatore: Inga Krekele Juridisk\u0101 adrese: R\u012bgas iela 2, Daugavpils, LV5401 tel. +371 29184640 e-pasts: inga.krekele@gmail.com Rekviz\u012bti Partner\u012bba &#8220;Kaimi\u0146i&#8221;&#8221; Re\u0123. nr.\u00a040008074239 Banka\u00a0SEB banka Bankas kods\u00a0UNLALV2X Konts\u00a0LV31UNLA0050003088773 Konts ziedojumiem:\u00a0Nr.LV70UNLA0050004199206<\/p>\n","protected":false},"author":1,"featured_media":0,"parent":0,"menu_order":0,"comment_status":"closed","ping_status":"closed","template":"","meta":{"footnotes":""},"class_list":["post-25","page","type-page","status-publish","hentry"],"_links":{"self":[{"href":"https:\/\/daugavpils.partneribas.lv\/index.php?rest_route=\/wp\/v2\/pages\/25","targetHints":{"allow":["GET"]}}],"collection":[{"href":"https:\/\/daugavpils.partneribas.lv\/index.php?rest_route=\/wp\/v2\/pages"}],"about":[{"href":"https:\/\/daugavpils.partneribas.lv\/index.php?rest_route=\/wp\/v2\/types\/page"}],"author":[{"embeddable":true,"href":"https:\/\/daugavpils.partneribas.lv\/index.php?rest_route=\/wp\/v2\/users\/1"}],"replies":[{"embeddable":true,"href":"https:\/\/daugavpils.partneribas.lv\/index.php?rest_route=%2Fwp%2Fv2%2Fcomments&post=25"}],"version-history":[{"count":10,"href":"https:\/\/daugavpils.partneribas.lv\/index.php?rest_route=\/wp\/v2\/pages\/25\/revisions"}],"predecessor-version":[{"id":4142,"href":"https:\/\/daugavpils.partneribas.lv\/index.php?rest_route=\/wp\/v2\/pages\/25\/revisions\/4142"}],"wp:attachment":[{"href":"https:\/\/daugavpils.partneribas.lv\/index.php?rest_route=%2Fwp%2Fv2%2Fmedia&parent=25"}],"curies":[{"name":"wp","href":"https:\/\/api.w.org\/{rel}","templated":true}]}}